{"id":9,"date":"2019-07-26T10:16:14","date_gmt":"2019-07-26T10:16:14","guid":{"rendered":"http:\/\/vandalvan.com\/?page_id=9"},"modified":"2024-05-08T08:09:18","modified_gmt":"2024-05-08T08:09:18","slug":"o-nas","status":"publish","type":"page","link":"https:\/\/vandalvan.com\/index.php\/o-nas\/","title":{"rendered":"Cze\u015b\u0107!"},"content":{"rendered":"\n<p style=\"font-size:15px\"><strong>VANDALVAN  powsta\u0142 z pasji do podr\u00f3\u017cy, dobrego designu oraz mi\u0142o\u015bci do natury. Prowadzimy wynajem naszych kamper\u00f3w z Warszawy &#8211; staraj\u0105c si\u0119 dostarcza\u0107 Wam jak najlepszych do\u015bwiadcze\u0144 takiej podr\u00f3\u017cy.<\/strong><\/p>\n\n\n\n<p style=\"font-size:15px\">Dzielimy si\u0119 r\u00f3wnie\u017c wiedz\u0105 jak zbudowa\u0107 kampera. Je\u015bli planujesz budow\u0119 lub chcesz zleci\u0107 tak\u0105 zabudow\u0119 profesjonalnej firmie &#8211; nasze do\u015bwiadczenia mog\u0105 Ci w tym pom\u00f3c.<br><\/p>\n\n\n\n<div class=\"wp-block-columns is-layout-flex wp-container-core-columns-is-layout-9d6595d7 wp-block-columns-is-layout-flex\">\n<div class=\"wp-block-column is-layout-flow wp-block-column-is-layout-flow\" style=\"flex-basis:60%\">\n<div class=\"wp-block-group\"><div class=\"wp-block-group__inner-container is-layout-flow wp-block-group-is-layout-flow\">\n<p style=\"font-size:16px\"><strong>RAFA\u0141<\/strong><\/p>\n\n\n\n<p class=\"p1\" style=\"font-size:15px\">Z wykszta\u0142cenia jestem in\u017cynierem budownictwa po politechnice krakowskiej oraz podyplomowo project managerem.<br><br>Przez ponad 13 lat w korporacji pracowa\u0142em przy du\u017cych projektach infrastrukturalnych oraz odpowiada\u0142em za finanse portfela inwestycji.<br><br>W VANDALVAN wy\u017cywam si\u0119 kreatywnie, buduje i montuje (samodzielnie, nie w Excelu) oraz pisze (bloga, zamiast pism, prezentacji i raport\u00f3w).<\/p>\n\n\n\n<p class=\"p1\" style=\"font-size:15px\"><strong>mail: rafal@vandalvan.com<\/strong><br><\/p>\n<\/div><\/div>\n<\/div>\n\n\n\n<div class=\"wp-block-column is-vertically-aligned-center is-layout-flow wp-block-column-is-layout-flow\" style=\"flex-basis:40%\">\n<figure class=\"wp-block-image size-full\"><img loading=\"lazy\" decoding=\"async\" width=\"800\" height=\"800\" src=\"https:\/\/vandalvan.com\/wp-content\/uploads\/2022\/09\/rafal_main.png\" alt=\"\" class=\"wp-image-1264\" srcset=\"https:\/\/vandalvan.com\/wp-content\/uploads\/2022\/09\/rafal_main.png 800w, https:\/\/vandalvan.com\/wp-content\/uploads\/2022\/09\/rafal_main-250x250.png 250w, https:\/\/vandalvan.com\/wp-content\/uploads\/2022\/09\/rafal_main-100x100.png 100w, https:\/\/vandalvan.com\/wp-content\/uploads\/2022\/09\/rafal_main-350x350.png 350w, https:\/\/vandalvan.com\/wp-content\/uploads\/2022\/09\/rafal_main-300x300.png 300w, https:\/\/vandalvan.com\/wp-content\/uploads\/2022\/09\/rafal_main-150x150.png 150w, https:\/\/vandalvan.com\/wp-content\/uploads\/2022\/09\/rafal_main-768x768.png 768w\" sizes=\"auto, (max-width: 706px) 89vw, (max-width: 767px) 82vw, 740px\" \/><\/figure>\n<\/div>\n<\/div>\n\n\n\n<div class=\"wp-block-columns is-layout-flex wp-container-core-columns-is-layout-9d6595d7 wp-block-columns-is-layout-flex\">\n<div class=\"wp-block-column is-layout-flow wp-block-column-is-layout-flow\" style=\"flex-basis:60%\">\n<div class=\"wp-block-group\"><div class=\"wp-block-group__inner-container is-layout-flow wp-block-group-is-layout-flow\">\n<p style=\"font-size:16px\"><strong style=\"font-size: inherit;\">KASIA<\/strong><\/p>\n\n\n\n<p class=\"p1\" style=\"font-size:15px;line-height:1.5\">Jest projektantk\u0105 marek, ko\u0144czy\u0142a wzornictwo przemys\u0142owe na krakowskiej ASP oraz UX na SWPS. Studiowa\u0142a te\u017c w Lahti oraz Brnie.<br><br>Dzi\u015b wsp\u00f3\u0142tworzy w\u0142asne studio brandingowe <a href=\"https:\/\/www.truebrands.studio\/\">TRUE Brands<\/a>. Pracowa\u0142a nad brandingiem wielu polskich marek takich jak Gazeta.pl, Tatuum, PKO BP, PZU, BLIK.<br><br>W VANDALVAN opr\u00f3cz projektowania i czuwania nad komunikacj\u0105 wizualn\u0105, wyznacza kierunki estetyki wn\u0119trz campervan\u00f3w.&nbsp;<br><\/p>\n<\/div><\/div>\n<\/div>\n\n\n\n<div class=\"wp-block-column is-vertically-aligned-center is-layout-flow wp-block-column-is-layout-flow\" style=\"flex-basis:40%\">\n<figure class=\"wp-block-image size-full\"><img loading=\"lazy\" decoding=\"async\" width=\"800\" height=\"800\" src=\"https:\/\/vandalvan.com\/wp-content\/uploads\/2022\/09\/kasia_main.png\" alt=\"\" class=\"wp-image-1263\" srcset=\"https:\/\/vandalvan.com\/wp-content\/uploads\/2022\/09\/kasia_main.png 800w, https:\/\/vandalvan.com\/wp-content\/uploads\/2022\/09\/kasia_main-250x250.png 250w, https:\/\/vandalvan.com\/wp-content\/uploads\/2022\/09\/kasia_main-100x100.png 100w, https:\/\/vandalvan.com\/wp-content\/uploads\/2022\/09\/kasia_main-350x350.png 350w, https:\/\/vandalvan.com\/wp-content\/uploads\/2022\/09\/kasia_main-300x300.png 300w, https:\/\/vandalvan.com\/wp-content\/uploads\/2022\/09\/kasia_main-150x150.png 150w, https:\/\/vandalvan.com\/wp-content\/uploads\/2022\/09\/kasia_main-768x768.png 768w\" sizes=\"auto, (max-width: 706px) 89vw, (max-width: 767px) 82vw, 740px\" \/><\/figure>\n<\/div>\n<\/div>\n\n\n\n<p><\/p>\n\n\n\n<div class=\"wp-block-columns is-layout-flex wp-container-core-columns-is-layout-9d6595d7 wp-block-columns-is-layout-flex\">\n<div class=\"wp-block-column is-layout-flow wp-block-column-is-layout-flow\" style=\"flex-basis:60%\">\n<div class=\"wp-block-group\"><div class=\"wp-block-group__inner-container is-layout-flow wp-block-group-is-layout-flow\">\n<p style=\"font-size:16px\"><strong>RAZEM<\/strong><\/p>\n\n\n\n<p style=\"font-size:15px\"><em><strong>\u201e<a rel=\"noreferrer noopener\" href=\"http:\/\/vandalvan.com\/index.php\/2019\/08\/22\/skad-pomysl-na-campervana\/\" target=\"_blank\">Wszystkie niezwyk\u0142e rzeczy przydarza\u0142y nam si\u0119 w drodze, dlatego wiedzieli\u015bmy \u017ce nasza dalsza podr\u00f3\u017c musi by\u0107 z ni\u0105 zwi\u0105zana &#8230;<\/a>\u201d<\/strong><\/em><\/p>\n\n\n\n<p style=\"font-size:15px\">znamy si\u0119 od ponad 15 lat &#8211; pocz\u0105tkowo przemierzali\u015bmy \u015bwiat na stopa, z plecakami i namiotem. Dzi\u015b w campervanie, kt\u00f3ry daje nam poczucie wolno\u015bci i wyj\u0105tkow\u0105 mo\u017cliwo\u015b\u0107 bycia blisko natury.<\/p>\n<\/div><\/div>\n<\/div>\n\n\n\n<div class=\"wp-block-column is-vertically-aligned-center is-layout-flow wp-block-column-is-layout-flow\" style=\"flex-basis:40%\">\n<figure class=\"wp-block-image size-full\"><img loading=\"lazy\" decoding=\"async\" width=\"800\" height=\"800\" src=\"https:\/\/vandalvan.com\/wp-content\/uploads\/2022\/09\/my.png\" alt=\"\" class=\"wp-image-1265\" srcset=\"https:\/\/vandalvan.com\/wp-content\/uploads\/2022\/09\/my.png 800w, https:\/\/vandalvan.com\/wp-content\/uploads\/2022\/09\/my-250x250.png 250w, https:\/\/vandalvan.com\/wp-content\/uploads\/2022\/09\/my-100x100.png 100w, https:\/\/vandalvan.com\/wp-content\/uploads\/2022\/09\/my-350x350.png 350w, https:\/\/vandalvan.com\/wp-content\/uploads\/2022\/09\/my-300x300.png 300w, https:\/\/vandalvan.com\/wp-content\/uploads\/2022\/09\/my-150x150.png 150w, https:\/\/vandalvan.com\/wp-content\/uploads\/2022\/09\/my-768x768.png 768w\" sizes=\"auto, (max-width: 706px) 89vw, (max-width: 767px) 82vw, 740px\" \/><\/figure>\n<\/div>\n<\/div>\n\n\n\n<p style=\"font-size:14px\"><\/p>\n\n\n\n<p style=\"font-size:15px\"><strong>Zapraszamy r\u00f3wnie\u017c do:<\/strong><br>Rozmowy dla Wysokich Obcas\u00f3w \u2013&nbsp;<a href=\"https:\/\/vandalvan.com\/wp-content\/uploads\/2021\/04\/wysokieobcasy_vandalvan.pdf\">artyku\u0142<\/a><br>Pos\u0142uchania nas w radiowej Czw\u00f3rce \u2013&nbsp;<a href=\"https:\/\/vandalvan.com\/wp-content\/uploads\/2020\/07\/radio_czworka_vandalvan_com.mp3\">audycja<\/a><\/p>\n","protected":false},"excerpt":{"rendered":"<p>VANDALVAN powsta\u0142 z pasji do podr\u00f3\u017cy, dobrego designu oraz mi\u0142o\u015bci do natury. Prowadzimy wynajem naszych kamper\u00f3w z Warszawy &#8211; staraj\u0105c si\u0119 dostarcza\u0107 Wam jak najlepszych do\u015bwiadcze\u0144 takiej podr\u00f3\u017cy. Dzielimy si\u0119 r\u00f3wnie\u017c wiedz\u0105 jak zbudowa\u0107 kampera. Je\u015bli planujesz budow\u0119 lub chcesz zleci\u0107 tak\u0105 zabudow\u0119 profesjonalnej firmie &#8211; nasze do\u015bwiadczenia mog\u0105 Ci w tym pom\u00f3c. RAFA\u0141 Z &hellip; <\/p>\n<p class=\"link-more\"><a href=\"https:\/\/vandalvan.com\/index.php\/o-nas\/\" class=\"more-link\">Czytaj dalej<span class=\"screen-reader-text\"> \u201eCze\u015b\u0107!\u201d<\/span><\/a><\/p>\n","protected":false},"author":1,"featured_media":1261,"parent":0,"menu_order":0,"comment_status":"closed","ping_status":"closed","template":"","meta":{"footnotes":""},"class_list":["post-9","page","type-page","status-publish","has-post-thumbnail","hentry"],"yoast_head":"<!-- This site is optimized with the Yoast SEO plugin v26.8 - https:\/\/yoast.com\/product\/yoast-seo-wordpress\/ -->\n<title>Cze\u015b\u0107! - VANDALVAN<\/title>\n<meta name=\"description\" content=\"Podr\u00f3\u017cujemy w zbudowanym przez nas campervanie. Ten rodzaj podr\u00f3\u017cowania, daje nam poczucie wolno\u015bci i mo\u017cliwo\u015b\u0107 przebywania blisko ludzi i natury.\" \/>\n<meta name=\"robots\" content=\"index, follow, max-snippet:-1, max-image-preview:large, max-video-preview:-1\" \/>\n<link rel=\"canonical\" href=\"https:\/\/vandalvan.com\/index.php\/o-nas\/\" \/>\n<meta property=\"og:locale\" content=\"pl_PL\" \/>\n<meta property=\"og:type\" content=\"article\" \/>\n<meta property=\"og:title\" content=\"Cze\u015b\u0107! - VANDALVAN\" \/>\n<meta property=\"og:description\" content=\"Podr\u00f3\u017cujemy w zbudowanym przez nas campervanie. Ten rodzaj podr\u00f3\u017cowania, daje nam poczucie wolno\u015bci i mo\u017cliwo\u015b\u0107 przebywania blisko ludzi i natury.\" \/>\n<meta property=\"og:url\" content=\"https:\/\/vandalvan.com\/index.php\/o-nas\/\" \/>\n<meta property=\"og:site_name\" content=\"VANDALVAN\" \/>\n<meta property=\"article:modified_time\" content=\"2024-05-08T08:09:18+00:00\" \/>\n<meta property=\"og:image\" content=\"https:\/\/vandalvan.com\/wp-content\/uploads\/2022\/09\/DSCF1273-scaled.jpg\" \/>\n\t<meta property=\"og:image:width\" content=\"2560\" \/>\n\t<meta property=\"og:image:height\" content=\"1707\" \/>\n\t<meta property=\"og:image:type\" content=\"image\/jpeg\" \/>\n<meta name=\"twitter:card\" content=\"summary_large_image\" \/>\n<meta name=\"twitter:label1\" content=\"Szacowany czas czytania\" \/>\n\t<meta name=\"twitter:data1\" content=\"1 minuta\" \/>\n<script type=\"application\/ld+json\" class=\"yoast-schema-graph\">{\"@context\":\"https:\/\/schema.org\",\"@graph\":[{\"@type\":\"WebPage\",\"@id\":\"https:\/\/vandalvan.com\/index.php\/o-nas\/\",\"url\":\"https:\/\/vandalvan.com\/index.php\/o-nas\/\",\"name\":\"Cze\u015b\u0107! - VANDALVAN\",\"isPartOf\":{\"@id\":\"https:\/\/vandalvan.com\/#website\"},\"primaryImageOfPage\":{\"@id\":\"https:\/\/vandalvan.com\/index.php\/o-nas\/#primaryimage\"},\"image\":{\"@id\":\"https:\/\/vandalvan.com\/index.php\/o-nas\/#primaryimage\"},\"thumbnailUrl\":\"https:\/\/vandalvan.com\/wp-content\/uploads\/2022\/09\/DSCF1273-scaled.jpg\",\"datePublished\":\"2019-07-26T10:16:14+00:00\",\"dateModified\":\"2024-05-08T08:09:18+00:00\",\"description\":\"Podr\u00f3\u017cujemy w zbudowanym przez nas campervanie. Ten rodzaj podr\u00f3\u017cowania, daje nam poczucie wolno\u015bci i mo\u017cliwo\u015b\u0107 przebywania blisko ludzi i natury.\",\"breadcrumb\":{\"@id\":\"https:\/\/vandalvan.com\/index.php\/o-nas\/#breadcrumb\"},\"inLanguage\":\"pl-PL\",\"potentialAction\":[{\"@type\":\"ReadAction\",\"target\":[\"https:\/\/vandalvan.com\/index.php\/o-nas\/\"]}]},{\"@type\":\"ImageObject\",\"inLanguage\":\"pl-PL\",\"@id\":\"https:\/\/vandalvan.com\/index.php\/o-nas\/#primaryimage\",\"url\":\"https:\/\/vandalvan.com\/wp-content\/uploads\/2022\/09\/DSCF1273-scaled.jpg\",\"contentUrl\":\"https:\/\/vandalvan.com\/wp-content\/uploads\/2022\/09\/DSCF1273-scaled.jpg\",\"width\":2560,\"height\":1707},{\"@type\":\"BreadcrumbList\",\"@id\":\"https:\/\/vandalvan.com\/index.php\/o-nas\/#breadcrumb\",\"itemListElement\":[{\"@type\":\"ListItem\",\"position\":1,\"name\":\"Strona g\u0142\u00f3wna\",\"item\":\"https:\/\/vandalvan.com\/\"},{\"@type\":\"ListItem\",\"position\":2,\"name\":\"Cze\u015b\u0107!\"}]},{\"@type\":\"WebSite\",\"@id\":\"https:\/\/vandalvan.com\/#website\",\"url\":\"https:\/\/vandalvan.com\/\",\"name\":\"VANDALVAN\",\"description\":\"Feels like home\",\"publisher\":{\"@id\":\"https:\/\/vandalvan.com\/#organization\"},\"potentialAction\":[{\"@type\":\"SearchAction\",\"target\":{\"@type\":\"EntryPoint\",\"urlTemplate\":\"https:\/\/vandalvan.com\/?s={search_term_string}\"},\"query-input\":{\"@type\":\"PropertyValueSpecification\",\"valueRequired\":true,\"valueName\":\"search_term_string\"}}],\"inLanguage\":\"pl-PL\"},{\"@type\":\"Organization\",\"@id\":\"https:\/\/vandalvan.com\/#organization\",\"name\":\"VANDALVAN\",\"url\":\"https:\/\/vandalvan.com\/\",\"logo\":{\"@type\":\"ImageObject\",\"inLanguage\":\"pl-PL\",\"@id\":\"https:\/\/vandalvan.com\/#\/schema\/logo\/image\/\",\"url\":\"https:\/\/vandalvan.com\/wp-content\/uploads\/2022\/08\/cropped-VANDALVAN-logo-haslo_biale.png\",\"contentUrl\":\"https:\/\/vandalvan.com\/wp-content\/uploads\/2022\/08\/cropped-VANDALVAN-logo-haslo_biale.png\",\"width\":631,\"height\":250,\"caption\":\"VANDALVAN\"},\"image\":{\"@id\":\"https:\/\/vandalvan.com\/#\/schema\/logo\/image\/\"}}]}<\/script>\n<!-- \/ Yoast SEO plugin. -->","yoast_head_json":{"title":"Cze\u015b\u0107! - VANDALVAN","description":"Podr\u00f3\u017cujemy w zbudowanym przez nas campervanie. Ten rodzaj podr\u00f3\u017cowania, daje nam poczucie wolno\u015bci i mo\u017cliwo\u015b\u0107 przebywania blisko ludzi i natury.","robots":{"index":"index","follow":"follow","max-snippet":"max-snippet:-1","max-image-preview":"max-image-preview:large","max-video-preview":"max-video-preview:-1"},"canonical":"https:\/\/vandalvan.com\/index.php\/o-nas\/","og_locale":"pl_PL","og_type":"article","og_title":"Cze\u015b\u0107! - VANDALVAN","og_description":"Podr\u00f3\u017cujemy w zbudowanym przez nas campervanie. Ten rodzaj podr\u00f3\u017cowania, daje nam poczucie wolno\u015bci i mo\u017cliwo\u015b\u0107 przebywania blisko ludzi i natury.","og_url":"https:\/\/vandalvan.com\/index.php\/o-nas\/","og_site_name":"VANDALVAN","article_modified_time":"2024-05-08T08:09:18+00:00","og_image":[{"width":2560,"height":1707,"url":"https:\/\/vandalvan.com\/wp-content\/uploads\/2022\/09\/DSCF1273-scaled.jpg","type":"image\/jpeg"}],"twitter_card":"summary_large_image","twitter_misc":{"Szacowany czas czytania":"1 minuta"},"schema":{"@context":"https:\/\/schema.org","@graph":[{"@type":"WebPage","@id":"https:\/\/vandalvan.com\/index.php\/o-nas\/","url":"https:\/\/vandalvan.com\/index.php\/o-nas\/","name":"Cze\u015b\u0107! - VANDALVAN","isPartOf":{"@id":"https:\/\/vandalvan.com\/#website"},"primaryImageOfPage":{"@id":"https:\/\/vandalvan.com\/index.php\/o-nas\/#primaryimage"},"image":{"@id":"https:\/\/vandalvan.com\/index.php\/o-nas\/#primaryimage"},"thumbnailUrl":"https:\/\/vandalvan.com\/wp-content\/uploads\/2022\/09\/DSCF1273-scaled.jpg","datePublished":"2019-07-26T10:16:14+00:00","dateModified":"2024-05-08T08:09:18+00:00","description":"Podr\u00f3\u017cujemy w zbudowanym przez nas campervanie. Ten rodzaj podr\u00f3\u017cowania, daje nam poczucie wolno\u015bci i mo\u017cliwo\u015b\u0107 przebywania blisko ludzi i natury.","breadcrumb":{"@id":"https:\/\/vandalvan.com\/index.php\/o-nas\/#breadcrumb"},"inLanguage":"pl-PL","potentialAction":[{"@type":"ReadAction","target":["https:\/\/vandalvan.com\/index.php\/o-nas\/"]}]},{"@type":"ImageObject","inLanguage":"pl-PL","@id":"https:\/\/vandalvan.com\/index.php\/o-nas\/#primaryimage","url":"https:\/\/vandalvan.com\/wp-content\/uploads\/2022\/09\/DSCF1273-scaled.jpg","contentUrl":"https:\/\/vandalvan.com\/wp-content\/uploads\/2022\/09\/DSCF1273-scaled.jpg","width":2560,"height":1707},{"@type":"BreadcrumbList","@id":"https:\/\/vandalvan.com\/index.php\/o-nas\/#breadcrumb","itemListElement":[{"@type":"ListItem","position":1,"name":"Strona g\u0142\u00f3wna","item":"https:\/\/vandalvan.com\/"},{"@type":"ListItem","position":2,"name":"Cze\u015b\u0107!"}]},{"@type":"WebSite","@id":"https:\/\/vandalvan.com\/#website","url":"https:\/\/vandalvan.com\/","name":"VANDALVAN","description":"Feels like home","publisher":{"@id":"https:\/\/vandalvan.com\/#organization"},"potentialAction":[{"@type":"SearchAction","target":{"@type":"EntryPoint","urlTemplate":"https:\/\/vandalvan.com\/?s={search_term_string}"},"query-input":{"@type":"PropertyValueSpecification","valueRequired":true,"valueName":"search_term_string"}}],"inLanguage":"pl-PL"},{"@type":"Organization","@id":"https:\/\/vandalvan.com\/#organization","name":"VANDALVAN","url":"https:\/\/vandalvan.com\/","logo":{"@type":"ImageObject","inLanguage":"pl-PL","@id":"https:\/\/vandalvan.com\/#\/schema\/logo\/image\/","url":"https:\/\/vandalvan.com\/wp-content\/uploads\/2022\/08\/cropped-VANDALVAN-logo-haslo_biale.png","contentUrl":"https:\/\/vandalvan.com\/wp-content\/uploads\/2022\/08\/cropped-VANDALVAN-logo-haslo_biale.png","width":631,"height":250,"caption":"VANDALVAN"},"image":{"@id":"https:\/\/vandalvan.com\/#\/schema\/logo\/image\/"}}]}},"_links":{"self":[{"href":"https:\/\/vandalvan.com\/index.php\/wp-json\/wp\/v2\/pages\/9","targetHints":{"allow":["GET"]}}],"collection":[{"href":"https:\/\/vandalvan.com\/index.php\/wp-json\/wp\/v2\/pages"}],"about":[{"href":"https:\/\/vandalvan.com\/index.php\/wp-json\/wp\/v2\/types\/page"}],"author":[{"embeddable":true,"href":"https:\/\/vandalvan.com\/index.php\/wp-json\/wp\/v2\/users\/1"}],"replies":[{"embeddable":true,"href":"https:\/\/vandalvan.com\/index.php\/wp-json\/wp\/v2\/comments?post=9"}],"version-history":[{"count":0,"href":"https:\/\/vandalvan.com\/index.php\/wp-json\/wp\/v2\/pages\/9\/revisions"}],"wp:featuredmedia":[{"embeddable":true,"href":"https:\/\/vandalvan.com\/index.php\/wp-json\/wp\/v2\/media\/1261"}],"wp:attachment":[{"href":"https:\/\/vandalvan.com\/index.php\/wp-json\/wp\/v2\/media?parent=9"}],"curies":[{"name":"wp","href":"https:\/\/api.w.org\/{rel}","templated":true}]}}