{"id":222,"date":"2019-10-16T14:16:16","date_gmt":"2019-10-16T14:16:16","guid":{"rendered":"http:\/\/vandalvan.com\/?page_id=222"},"modified":"2025-12-24T10:11:30","modified_gmt":"2025-12-24T10:11:30","slug":"wynajem-kampera-wynajem-campervana","status":"publish","type":"page","link":"https:\/\/vandalvan.com\/index.php\/wynajem-kampera-wynajem-campervana\/","title":{"rendered":"NASZE KAMPERY"},"content":{"rendered":"\n<p class=\"has-white-color has-text-color\">|<\/p>\n\n\n\n<div class=\"wp-block-columns is-layout-flex wp-container-core-columns-is-layout-9d6595d7 wp-block-columns-is-layout-flex\">\n<div class=\"wp-block-column is-layout-flow wp-block-column-is-layout-flow\" style=\"flex-basis:50%\">\n<p><strong>VANDALVAN<\/strong> <strong>Sun<\/strong> <br>(Bielsko-Bia\u0142a)<\/p>\n\n\n\n<ul class=\"wp-block-list\">\n<li>\u0141awka 2x ISOFIX<\/li>\n\n\n\n<li>\u0141\u00f3\u017cko g\u0142\u00f3wne 150&#215;200 cm<\/li>\n\n\n\n<li>Dach sypialny 110&#215;200 cm<\/li>\n\n\n\n<li>Ogrzewanie kabiny i namiotu<\/li>\n\n\n\n<li>Bojler wody<\/li>\n\n\n\n<li>Prysznic zewn\u0119trzny<\/li>\n\n\n\n<li>Toaleta chemiczna<\/li>\n\n\n\n<li>Kuchnia gazowa<\/li>\n\n\n\n<li>Gniazdka 12V\/230V<\/li>\n\n\n\n<li>\u0141adowanie z paneli s\u0142onecznych<\/li>\n<\/ul>\n<\/div>\n\n\n\n<div class=\"wp-block-column is-layout-flow wp-block-column-is-layout-flow\" style=\"flex-basis:33.33%\"><div class=\"wp-block-image\">\n<figure class=\"aligncenter size-large\"><img loading=\"lazy\" decoding=\"async\" width=\"1024\" height=\"1024\" src=\"https:\/\/vandalvan.com\/wp-content\/uploads\/2023\/10\/vandal2.1-1024x1024.jpg\" alt=\"\" class=\"wp-image-2201\" srcset=\"https:\/\/vandalvan.com\/wp-content\/uploads\/2023\/10\/vandal2.1-1024x1024.jpg 1024w, https:\/\/vandalvan.com\/wp-content\/uploads\/2023\/10\/vandal2.1-300x300.jpg 300w, https:\/\/vandalvan.com\/wp-content\/uploads\/2023\/10\/vandal2.1-150x150.jpg 150w, https:\/\/vandalvan.com\/wp-content\/uploads\/2023\/10\/vandal2.1-768x768.jpg 768w, https:\/\/vandalvan.com\/wp-content\/uploads\/2023\/10\/vandal2.1-100x100.jpg 100w, https:\/\/vandalvan.com\/wp-content\/uploads\/2023\/10\/vandal2.1-250x250.jpg 250w, https:\/\/vandalvan.com\/wp-content\/uploads\/2023\/10\/vandal2.1-350x350.jpg 350w, https:\/\/vandalvan.com\/wp-content\/uploads\/2023\/10\/vandal2.1.jpg 1484w\" sizes=\"auto, (max-width: 706px) 89vw, (max-width: 767px) 82vw, 740px\" \/><\/figure>\n<\/div><\/div>\n<\/div>\n\n\n\n<div class=\"wp-block-buttons is-horizontal is-content-justification-center is-layout-flex wp-container-core-buttons-is-layout-af7218d6 wp-block-buttons-is-layout-flex\">\n<div class=\"wp-block-button has-custom-width wp-block-button__width-50\"><a class=\"wp-block-button__link has-white-color has-vivid-green-cyan-background-color has-text-color has-background wp-element-button\" href=\"https:\/\/vandalvan.com\/index.php\/vandalvan-sun\/\" style=\"border-radius:15px\">Kalendarz wynajmu  \ud83d\udcc6<\/a><\/div>\n<\/div>\n\n\n\n<figure class=\"wp-block-gallery has-nested-images columns-default is-cropped wp-block-gallery-1 is-layout-flex wp-block-gallery-is-layout-flex\">\n<figure class=\"wp-block-image size-large\"><img loading=\"lazy\" decoding=\"async\" width=\"1024\" height=\"768\" data-id=\"2248\" src=\"https:\/\/vandalvan.com\/wp-content\/uploads\/2023\/11\/P1016958-kopia-1024x768.jpg\" alt=\"\" class=\"wp-image-2248\" srcset=\"https:\/\/vandalvan.com\/wp-content\/uploads\/2023\/11\/P1016958-kopia-1024x768.jpg 1024w, https:\/\/vandalvan.com\/wp-content\/uploads\/2023\/11\/P1016958-kopia-300x225.jpg 300w, https:\/\/vandalvan.com\/wp-content\/uploads\/2023\/11\/P1016958-kopia-768x576.jpg 768w, https:\/\/vandalvan.com\/wp-content\/uploads\/2023\/11\/P1016958-kopia-1536x1152.jpg 1536w, https:\/\/vandalvan.com\/wp-content\/uploads\/2023\/11\/P1016958-kopia-350x263.jpg 350w, https:\/\/vandalvan.com\/wp-content\/uploads\/2023\/11\/P1016958-kopia.jpg 2048w\" sizes=\"auto, (max-width: 706px) 89vw, (max-width: 767px) 82vw, 740px\" \/><\/figure>\n\n\n\n<figure class=\"wp-block-image size-large\"><img loading=\"lazy\" decoding=\"async\" width=\"1024\" height=\"768\" data-id=\"2622\" src=\"https:\/\/vandalvan.com\/wp-content\/uploads\/2025\/05\/P1016969-1024x768.jpg\" alt=\"\" class=\"wp-image-2622\" srcset=\"https:\/\/vandalvan.com\/wp-content\/uploads\/2025\/05\/P1016969-1024x768.jpg 1024w, https:\/\/vandalvan.com\/wp-content\/uploads\/2025\/05\/P1016969-300x225.jpg 300w, https:\/\/vandalvan.com\/wp-content\/uploads\/2025\/05\/P1016969-768x576.jpg 768w, https:\/\/vandalvan.com\/wp-content\/uploads\/2025\/05\/P1016969-1536x1152.jpg 1536w, https:\/\/vandalvan.com\/wp-content\/uploads\/2025\/05\/P1016969-350x263.jpg 350w, https:\/\/vandalvan.com\/wp-content\/uploads\/2025\/05\/P1016969.jpg 2048w\" sizes=\"auto, (max-width: 706px) 89vw, (max-width: 767px) 82vw, 740px\" \/><\/figure>\n<\/figure>\n\n\n\n<p class=\"has-white-color has-text-color has-link-color wp-elements-361a646e193ed7811c51d0a05e2735e2\">&#8211;<\/p>\n\n\n\n<div class=\"wp-block-columns is-layout-flex wp-container-core-columns-is-layout-9d6595d7 wp-block-columns-is-layout-flex\">\n<div class=\"wp-block-column is-layout-flow wp-block-column-is-layout-flow\" style=\"flex-basis:50%\">\n<p><strong>VANDALVAN<\/strong> <strong>Sea<\/strong> <br>(Warszawa)<\/p>\n\n\n\n<ul class=\"wp-block-list\">\n<li>\u0141awka 2x ISOFIX<\/li>\n\n\n\n<li>\u0141\u00f3\u017cko g\u0142\u00f3wne 150&#215;200 cm<\/li>\n\n\n\n<li>\u0141\u00f3\u017cko dodatkowe 90&#215;150 cm<\/li>\n\n\n\n<li>Ogrzewanie<\/li>\n\n\n\n<li>Bojler wody<\/li>\n\n\n\n<li>Prysznic zewn\u0119trzny<\/li>\n\n\n\n<li>Toaleta chemiczna<\/li>\n\n\n\n<li>Kuchnia gazowa<\/li>\n\n\n\n<li>Gniazdka 12V\/230V<\/li>\n\n\n\n<li>\u0141adowanie z paneli s\u0142onecznych<\/li>\n<\/ul>\n<\/div>\n\n\n\n<div class=\"wp-block-column is-layout-flow wp-block-column-is-layout-flow\" style=\"flex-basis:33.33%\"><div class=\"wp-block-image\">\n<figure class=\"aligncenter size-large\"><img loading=\"lazy\" decoding=\"async\" width=\"1024\" height=\"1024\" src=\"https:\/\/vandalvan.com\/wp-content\/uploads\/2023\/10\/vandal2.0v2-1024x1024.jpg\" alt=\"\" class=\"wp-image-2202\" srcset=\"https:\/\/vandalvan.com\/wp-content\/uploads\/2023\/10\/vandal2.0v2-1024x1024.jpg 1024w, https:\/\/vandalvan.com\/wp-content\/uploads\/2023\/10\/vandal2.0v2-300x300.jpg 300w, https:\/\/vandalvan.com\/wp-content\/uploads\/2023\/10\/vandal2.0v2-150x150.jpg 150w, https:\/\/vandalvan.com\/wp-content\/uploads\/2023\/10\/vandal2.0v2-768x768.jpg 768w, https:\/\/vandalvan.com\/wp-content\/uploads\/2023\/10\/vandal2.0v2-1536x1536.jpg 1536w, https:\/\/vandalvan.com\/wp-content\/uploads\/2023\/10\/vandal2.0v2-2048x2048.jpg 2048w, https:\/\/vandalvan.com\/wp-content\/uploads\/2023\/10\/vandal2.0v2-100x100.jpg 100w, https:\/\/vandalvan.com\/wp-content\/uploads\/2023\/10\/vandal2.0v2-250x250.jpg 250w, https:\/\/vandalvan.com\/wp-content\/uploads\/2023\/10\/vandal2.0v2-350x350.jpg 350w\" sizes=\"auto, (max-width: 706px) 89vw, (max-width: 767px) 82vw, 740px\" \/><\/figure>\n<\/div><\/div>\n<\/div>\n\n\n\n<div class=\"wp-block-buttons is-horizontal is-content-justification-center is-layout-flex wp-container-core-buttons-is-layout-af7218d6 wp-block-buttons-is-layout-flex\">\n<div class=\"wp-block-button has-custom-width wp-block-button__width-50\"><a class=\"wp-block-button__link has-white-color has-vivid-green-cyan-background-color has-text-color has-background wp-element-button\" href=\"https:\/\/vandalvan.com\/index.php\/vandalvan-sea\/\" style=\"border-radius:15px\">Kalendarz wynajmu  \ud83d\udcc6<\/a><\/div>\n<\/div>\n\n\n\n<figure class=\"wp-block-gallery has-nested-images columns-default is-cropped wp-block-gallery-2 is-layout-flex wp-block-gallery-is-layout-flex\">\n<figure class=\"wp-block-image size-large\"><img loading=\"lazy\" decoding=\"async\" width=\"2560\" height=\"1706\" data-id=\"1282\" src=\"https:\/\/vandalvan.com\/wp-content\/uploads\/2022\/09\/DSCF1218-scaled.jpg\" alt=\"\" class=\"wp-image-1282\" srcset=\"https:\/\/vandalvan.com\/wp-content\/uploads\/2022\/09\/DSCF1218-scaled.jpg 2560w, https:\/\/vandalvan.com\/wp-content\/uploads\/2022\/09\/DSCF1218-scaled-350x233.jpg 350w, https:\/\/vandalvan.com\/wp-content\/uploads\/2022\/09\/DSCF1218-300x200.jpg 300w, https:\/\/vandalvan.com\/wp-content\/uploads\/2022\/09\/DSCF1218-1024x683.jpg 1024w, https:\/\/vandalvan.com\/wp-content\/uploads\/2022\/09\/DSCF1218-768x512.jpg 768w, https:\/\/vandalvan.com\/wp-content\/uploads\/2022\/09\/DSCF1218-1536x1024.jpg 1536w, https:\/\/vandalvan.com\/wp-content\/uploads\/2022\/09\/DSCF1218-2048x1365.jpg 2048w\" sizes=\"auto, (max-width: 706px) 89vw, (max-width: 767px) 82vw, 740px\" \/><\/figure>\n\n\n\n<figure class=\"wp-block-image size-large\"><img loading=\"lazy\" decoding=\"async\" width=\"2560\" height=\"1706\" data-id=\"1279\" src=\"https:\/\/vandalvan.com\/wp-content\/uploads\/2022\/09\/DSCF1623-scaled.jpg\" alt=\"\" class=\"wp-image-1279\" srcset=\"https:\/\/vandalvan.com\/wp-content\/uploads\/2022\/09\/DSCF1623-scaled.jpg 2560w, https:\/\/vandalvan.com\/wp-content\/uploads\/2022\/09\/DSCF1623-scaled-350x233.jpg 350w, https:\/\/vandalvan.com\/wp-content\/uploads\/2022\/09\/DSCF1623-300x200.jpg 300w, https:\/\/vandalvan.com\/wp-content\/uploads\/2022\/09\/DSCF1623-1024x683.jpg 1024w, https:\/\/vandalvan.com\/wp-content\/uploads\/2022\/09\/DSCF1623-768x512.jpg 768w, https:\/\/vandalvan.com\/wp-content\/uploads\/2022\/09\/DSCF1623-1536x1024.jpg 1536w, https:\/\/vandalvan.com\/wp-content\/uploads\/2022\/09\/DSCF1623-2048x1365.jpg 2048w\" sizes=\"auto, (max-width: 706px) 89vw, (max-width: 767px) 82vw, 740px\" \/><\/figure>\n<\/figure>\n\n\n\n<p class=\"has-white-color has-text-color has-link-color wp-elements-361a646e193ed7811c51d0a05e2735e2\">&#8211;<\/p>\n\n\n\n<div class=\"wp-block-columns is-layout-flex wp-container-core-columns-is-layout-9d6595d7 wp-block-columns-is-layout-flex\">\n<div class=\"wp-block-column is-layout-flow wp-block-column-is-layout-flow\" style=\"flex-basis:50%\">\n<p><strong>VANDALVAN Ocean<\/strong><br>(Krak\u00f3w)<\/p>\n\n\n\n<ul class=\"wp-block-list\">\n<li>Automatyczna skrzynia bieg\u00f3w<\/li>\n\n\n\n<li>2x fotele z ISOFIX<\/li>\n\n\n\n<li>\u0141\u00f3\u017cko w \u015brodku 150&#215;200 cm<\/li>\n\n\n\n<li>Dach sypialny 120&#215;200 cm<\/li>\n\n\n\n<li>Ogrzewanie kabiny i namiotu<\/li>\n\n\n\n<li>Bojler wody<\/li>\n\n\n\n<li>Prysznic zewn\u0119trzny<\/li>\n\n\n\n<li>Toaleta chemiczna<\/li>\n\n\n\n<li>Kuchnia gazowa<\/li>\n\n\n\n<li>Gniazdka 12V\/230V<\/li>\n\n\n\n<li>\u0141adowanie z paneli s\u0142onecznych<\/li>\n<\/ul>\n<\/div>\n\n\n\n<div class=\"wp-block-column is-layout-flow wp-block-column-is-layout-flow\" style=\"flex-basis:33.33%\"><div class=\"wp-block-image\">\n<figure class=\"aligncenter size-full\"><img loading=\"lazy\" decoding=\"async\" width=\"1000\" height=\"1000\" src=\"https:\/\/vandalvan.com\/wp-content\/uploads\/2025\/05\/Projekt-bez-nazwy-31-1.png\" alt=\"\" class=\"wp-image-2596\" srcset=\"https:\/\/vandalvan.com\/wp-content\/uploads\/2025\/05\/Projekt-bez-nazwy-31-1.png 1000w, https:\/\/vandalvan.com\/wp-content\/uploads\/2025\/05\/Projekt-bez-nazwy-31-1-300x300.png 300w, https:\/\/vandalvan.com\/wp-content\/uploads\/2025\/05\/Projekt-bez-nazwy-31-1-150x150.png 150w, https:\/\/vandalvan.com\/wp-content\/uploads\/2025\/05\/Projekt-bez-nazwy-31-1-768x768.png 768w, https:\/\/vandalvan.com\/wp-content\/uploads\/2025\/05\/Projekt-bez-nazwy-31-1-100x100.png 100w, https:\/\/vandalvan.com\/wp-content\/uploads\/2025\/05\/Projekt-bez-nazwy-31-1-250x250.png 250w, https:\/\/vandalvan.com\/wp-content\/uploads\/2025\/05\/Projekt-bez-nazwy-31-1-350x350.png 350w\" sizes=\"auto, (max-width: 706px) 89vw, (max-width: 767px) 82vw, 740px\" \/><\/figure>\n<\/div><\/div>\n<\/div>\n\n\n\n<div class=\"wp-block-buttons is-horizontal is-content-justification-center is-layout-flex wp-container-core-buttons-is-layout-af7218d6 wp-block-buttons-is-layout-flex\">\n<div class=\"wp-block-button has-custom-width wp-block-button__width-50\"><a class=\"wp-block-button__link has-white-color has-vivid-green-cyan-background-color has-text-color has-background wp-element-button\" href=\"https:\/\/vandalvan.com\/index.php\/vandalvan-ocean\/\" style=\"border-radius:15px\">Kalendarz wynajmu  \ud83d\udcc6<\/a><\/div>\n<\/div>\n\n\n\n<figure class=\"wp-block-gallery has-nested-images columns-default is-cropped wp-block-gallery-3 is-layout-flex wp-block-gallery-is-layout-flex\">\n<figure class=\"wp-block-image size-large\"><img loading=\"lazy\" decoding=\"async\" width=\"1024\" height=\"683\" data-id=\"2615\" src=\"https:\/\/vandalvan.com\/wp-content\/uploads\/2025\/05\/DSCF9343-2-1024x683.jpg\" alt=\"\" class=\"wp-image-2615\" srcset=\"https:\/\/vandalvan.com\/wp-content\/uploads\/2025\/05\/DSCF9343-2-1024x683.jpg 1024w, https:\/\/vandalvan.com\/wp-content\/uploads\/2025\/05\/DSCF9343-2-300x200.jpg 300w, https:\/\/vandalvan.com\/wp-content\/uploads\/2025\/05\/DSCF9343-2-768x512.jpg 768w, https:\/\/vandalvan.com\/wp-content\/uploads\/2025\/05\/DSCF9343-2-1536x1024.jpg 1536w, https:\/\/vandalvan.com\/wp-content\/uploads\/2025\/05\/DSCF9343-2-2048x1365.jpg 2048w, https:\/\/vandalvan.com\/wp-content\/uploads\/2025\/05\/DSCF9343-2-350x233.jpg 350w\" sizes=\"auto, (max-width: 706px) 89vw, (max-width: 767px) 82vw, 740px\" \/><\/figure>\n\n\n\n<figure class=\"wp-block-image size-large\"><img loading=\"lazy\" decoding=\"async\" width=\"1024\" height=\"683\" data-id=\"2609\" src=\"https:\/\/vandalvan.com\/wp-content\/uploads\/2025\/05\/DSCF9349-1-1-1024x683.jpg\" alt=\"\" class=\"wp-image-2609\" srcset=\"https:\/\/vandalvan.com\/wp-content\/uploads\/2025\/05\/DSCF9349-1-1-1024x683.jpg 1024w, https:\/\/vandalvan.com\/wp-content\/uploads\/2025\/05\/DSCF9349-1-1-300x200.jpg 300w, https:\/\/vandalvan.com\/wp-content\/uploads\/2025\/05\/DSCF9349-1-1-768x512.jpg 768w, https:\/\/vandalvan.com\/wp-content\/uploads\/2025\/05\/DSCF9349-1-1-1536x1024.jpg 1536w, https:\/\/vandalvan.com\/wp-content\/uploads\/2025\/05\/DSCF9349-1-1-2048x1365.jpg 2048w, https:\/\/vandalvan.com\/wp-content\/uploads\/2025\/05\/DSCF9349-1-1-350x233.jpg 350w\" sizes=\"auto, (max-width: 706px) 89vw, (max-width: 767px) 82vw, 740px\" \/><\/figure>\n<\/figure>\n\n\n\n<div class=\"wp-block-group\"><div class=\"wp-block-group__inner-container is-layout-flow wp-block-group-is-layout-flow\">\n<p class=\"has-white-color has-text-color has-link-color wp-elements-1b5115d715bedccb7effe5780d6b2498\">|ZASADY WYNAJMU<\/p>\n\n\n\n<p style=\"font-size:15px\"><strong>ZASADY WYNAJMU<\/strong><br><br>\u2714\ufe0f Ka\u017cde auto obj\u0119te jest ubezpieczeniem OC+AC oraz Assistance<br>\u2714\ufe0f Minimalny wiek kierowcy 26 lat<br>\u2714\ufe0f Minimalna d\u0142ugo\u015b\u0107 wynajmu 4 noce, w sezonie wysokim min. 6 nocy<br>\u2714\ufe0f Kaucja w wysoko\u015bci 3 000 z\u0142 <br>\u2714\ufe0f Jednorazowa op\u0142ata serwisowa 300 z\u0142<br>\u2714\ufe0f Zaliczka w wysoko\u015bci 30% (zwrotna przy rezygnacji do 30 dni przed wyjazdem)<br>\u2714\ufe0f Wyjazdy zagraniczne po uzgodnieniu destynacji dla rezerwacji powy\u017cej 10 d\u00f3b<\/p>\n\n\n<\/div><\/div>\n\n\n\n<figure class=\"wp-block-image size-large\"><img loading=\"lazy\" decoding=\"async\" width=\"675\" height=\"1024\" src=\"https:\/\/vandalvan.com\/wp-content\/uploads\/2022\/08\/DSCF1622-675x1024.jpg\" alt=\"\" class=\"wp-image-1002\" srcset=\"https:\/\/vandalvan.com\/wp-content\/uploads\/2022\/08\/DSCF1622-675x1024.jpg 675w, https:\/\/vandalvan.com\/wp-content\/uploads\/2022\/08\/DSCF1622-scaled-350x531.jpg 350w, https:\/\/vandalvan.com\/wp-content\/uploads\/2022\/08\/DSCF1622-198x300.jpg 198w, https:\/\/vandalvan.com\/wp-content\/uploads\/2022\/08\/DSCF1622-768x1166.jpg 768w, https:\/\/vandalvan.com\/wp-content\/uploads\/2022\/08\/DSCF1622-1012x1536.jpg 1012w, https:\/\/vandalvan.com\/wp-content\/uploads\/2022\/08\/DSCF1622-1349x2048.jpg 1349w, https:\/\/vandalvan.com\/wp-content\/uploads\/2022\/08\/DSCF1622-scaled.jpg 1686w\" sizes=\"auto, (max-width: 675px) 100vw, 675px\" \/><\/figure>\n\n\n\n<p><\/p>\n","protected":false},"excerpt":{"rendered":"<p>| VANDALVAN Sun (Bielsko-Bia\u0142a) &#8211; VANDALVAN Sea (Warszawa) &#8211; VANDALVAN Ocean(Krak\u00f3w) |ZASADY WYNAJMU ZASADY WYNAJMU \u2714\ufe0f Ka\u017cde auto obj\u0119te jest ubezpieczeniem OC+AC oraz Assistance\u2714\ufe0f Minimalny wiek kierowcy 26 lat\u2714\ufe0f Minimalna d\u0142ugo\u015b\u0107 wynajmu 4 noce, w sezonie wysokim min. 6 nocy\u2714\ufe0f Kaucja w wysoko\u015bci 3 000 z\u0142 \u2714\ufe0f Jednorazowa op\u0142ata serwisowa 300 z\u0142\u2714\ufe0f Zaliczka w wysoko\u015bci &hellip; <\/p>\n<p class=\"link-more\"><a href=\"https:\/\/vandalvan.com\/index.php\/wynajem-kampera-wynajem-campervana\/\" class=\"more-link\">Czytaj dalej<span class=\"screen-reader-text\"> \u201eNASZE KAMPERY\u201d<\/span><\/a><\/p>\n","protected":false},"author":1,"featured_media":2205,"parent":0,"menu_order":0,"comment_status":"closed","ping_status":"closed","template":"","meta":{"footnotes":""},"class_list":["post-222","page","type-page","status-publish","has-post-thumbnail","hentry"],"yoast_head":"<!-- This site is optimized with the Yoast SEO plugin v26.8 - https:\/\/yoast.com\/product\/yoast-seo-wordpress\/ -->\n<title>NASZE KAMPERY - VANDALVAN - wyj\u0105tkowy campervan<\/title>\n<meta name=\"description\" content=\"Wynajem kampera - zapraszamy do wynajmu naszego domu na ko\u0142ach. Wynajem campervana to jedyne w swoim rodzaju do\u015bwiadczenie drogi oraz wolno\u015bci.\" \/>\n<meta name=\"robots\" content=\"index, follow, max-snippet:-1, max-image-preview:large, max-video-preview:-1\" \/>\n<link rel=\"canonical\" href=\"https:\/\/vandalvan.com\/index.php\/wynajem-kampera-wynajem-campervana\/\" \/>\n<meta property=\"og:locale\" content=\"pl_PL\" \/>\n<meta property=\"og:type\" content=\"article\" \/>\n<meta property=\"og:title\" content=\"NASZE KAMPERY - VANDALVAN - wyj\u0105tkowy campervan\" \/>\n<meta property=\"og:description\" content=\"Wynajem kampera - zapraszamy do wynajmu naszego domu na ko\u0142ach. Wynajem campervana to jedyne w swoim rodzaju do\u015bwiadczenie drogi oraz wolno\u015bci.\" \/>\n<meta property=\"og:url\" content=\"https:\/\/vandalvan.com\/index.php\/wynajem-kampera-wynajem-campervana\/\" \/>\n<meta property=\"og:site_name\" content=\"VANDALVAN\" \/>\n<meta property=\"article:modified_time\" content=\"2025-12-24T10:11:30+00:00\" \/>\n<meta property=\"og:image\" content=\"https:\/\/vandalvan.com\/wp-content\/uploads\/2023\/10\/DJI_0226.jpg\" \/>\n\t<meta property=\"og:image:width\" content=\"2048\" \/>\n\t<meta property=\"og:image:height\" content=\"1150\" \/>\n\t<meta property=\"og:image:type\" content=\"image\/jpeg\" \/>\n<meta name=\"twitter:card\" content=\"summary_large_image\" \/>\n<meta name=\"twitter:label1\" content=\"Szacowany czas czytania\" \/>\n\t<meta name=\"twitter:data1\" content=\"1 minuta\" \/>\n<script type=\"application\/ld+json\" class=\"yoast-schema-graph\">{\"@context\":\"https:\/\/schema.org\",\"@graph\":[{\"@type\":\"WebPage\",\"@id\":\"https:\/\/vandalvan.com\/index.php\/wynajem-kampera-wynajem-campervana\/\",\"url\":\"https:\/\/vandalvan.com\/index.php\/wynajem-kampera-wynajem-campervana\/\",\"name\":\"NASZE KAMPERY - VANDALVAN - wyj\u0105tkowy campervan\",\"isPartOf\":{\"@id\":\"https:\/\/vandalvan.com\/#website\"},\"primaryImageOfPage\":{\"@id\":\"https:\/\/vandalvan.com\/index.php\/wynajem-kampera-wynajem-campervana\/#primaryimage\"},\"image\":{\"@id\":\"https:\/\/vandalvan.com\/index.php\/wynajem-kampera-wynajem-campervana\/#primaryimage\"},\"thumbnailUrl\":\"https:\/\/vandalvan.com\/wp-content\/uploads\/2023\/10\/DJI_0226.jpg\",\"datePublished\":\"2019-10-16T14:16:16+00:00\",\"dateModified\":\"2025-12-24T10:11:30+00:00\",\"description\":\"Wynajem kampera - zapraszamy do wynajmu naszego domu na ko\u0142ach. Wynajem campervana to jedyne w swoim rodzaju do\u015bwiadczenie drogi oraz wolno\u015bci.\",\"breadcrumb\":{\"@id\":\"https:\/\/vandalvan.com\/index.php\/wynajem-kampera-wynajem-campervana\/#breadcrumb\"},\"inLanguage\":\"pl-PL\",\"potentialAction\":[{\"@type\":\"ReadAction\",\"target\":[\"https:\/\/vandalvan.com\/index.php\/wynajem-kampera-wynajem-campervana\/\"]}]},{\"@type\":\"ImageObject\",\"inLanguage\":\"pl-PL\",\"@id\":\"https:\/\/vandalvan.com\/index.php\/wynajem-kampera-wynajem-campervana\/#primaryimage\",\"url\":\"https:\/\/vandalvan.com\/wp-content\/uploads\/2023\/10\/DJI_0226.jpg\",\"contentUrl\":\"https:\/\/vandalvan.com\/wp-content\/uploads\/2023\/10\/DJI_0226.jpg\",\"width\":2048,\"height\":1150},{\"@type\":\"BreadcrumbList\",\"@id\":\"https:\/\/vandalvan.com\/index.php\/wynajem-kampera-wynajem-campervana\/#breadcrumb\",\"itemListElement\":[{\"@type\":\"ListItem\",\"position\":1,\"name\":\"Strona g\u0142\u00f3wna\",\"item\":\"https:\/\/vandalvan.com\/\"},{\"@type\":\"ListItem\",\"position\":2,\"name\":\"NASZE KAMPERY\"}]},{\"@type\":\"WebSite\",\"@id\":\"https:\/\/vandalvan.com\/#website\",\"url\":\"https:\/\/vandalvan.com\/\",\"name\":\"VANDALVAN\",\"description\":\"Feels like home\",\"publisher\":{\"@id\":\"https:\/\/vandalvan.com\/#organization\"},\"potentialAction\":[{\"@type\":\"SearchAction\",\"target\":{\"@type\":\"EntryPoint\",\"urlTemplate\":\"https:\/\/vandalvan.com\/?s={search_term_string}\"},\"query-input\":{\"@type\":\"PropertyValueSpecification\",\"valueRequired\":true,\"valueName\":\"search_term_string\"}}],\"inLanguage\":\"pl-PL\"},{\"@type\":\"Organization\",\"@id\":\"https:\/\/vandalvan.com\/#organization\",\"name\":\"VANDALVAN\",\"url\":\"https:\/\/vandalvan.com\/\",\"logo\":{\"@type\":\"ImageObject\",\"inLanguage\":\"pl-PL\",\"@id\":\"https:\/\/vandalvan.com\/#\/schema\/logo\/image\/\",\"url\":\"https:\/\/vandalvan.com\/wp-content\/uploads\/2022\/08\/cropped-VANDALVAN-logo-haslo_biale.png\",\"contentUrl\":\"https:\/\/vandalvan.com\/wp-content\/uploads\/2022\/08\/cropped-VANDALVAN-logo-haslo_biale.png\",\"width\":631,\"height\":250,\"caption\":\"VANDALVAN\"},\"image\":{\"@id\":\"https:\/\/vandalvan.com\/#\/schema\/logo\/image\/\"}}]}<\/script>\n<!-- \/ Yoast SEO plugin. -->","yoast_head_json":{"title":"NASZE KAMPERY - VANDALVAN - wyj\u0105tkowy campervan","description":"Wynajem kampera - zapraszamy do wynajmu naszego domu na ko\u0142ach. Wynajem campervana to jedyne w swoim rodzaju do\u015bwiadczenie drogi oraz wolno\u015bci.","robots":{"index":"index","follow":"follow","max-snippet":"max-snippet:-1","max-image-preview":"max-image-preview:large","max-video-preview":"max-video-preview:-1"},"canonical":"https:\/\/vandalvan.com\/index.php\/wynajem-kampera-wynajem-campervana\/","og_locale":"pl_PL","og_type":"article","og_title":"NASZE KAMPERY - VANDALVAN - wyj\u0105tkowy campervan","og_description":"Wynajem kampera - zapraszamy do wynajmu naszego domu na ko\u0142ach. Wynajem campervana to jedyne w swoim rodzaju do\u015bwiadczenie drogi oraz wolno\u015bci.","og_url":"https:\/\/vandalvan.com\/index.php\/wynajem-kampera-wynajem-campervana\/","og_site_name":"VANDALVAN","article_modified_time":"2025-12-24T10:11:30+00:00","og_image":[{"width":2048,"height":1150,"url":"https:\/\/vandalvan.com\/wp-content\/uploads\/2023\/10\/DJI_0226.jpg","type":"image\/jpeg"}],"twitter_card":"summary_large_image","twitter_misc":{"Szacowany czas czytania":"1 minuta"},"schema":{"@context":"https:\/\/schema.org","@graph":[{"@type":"WebPage","@id":"https:\/\/vandalvan.com\/index.php\/wynajem-kampera-wynajem-campervana\/","url":"https:\/\/vandalvan.com\/index.php\/wynajem-kampera-wynajem-campervana\/","name":"NASZE KAMPERY - VANDALVAN - wyj\u0105tkowy campervan","isPartOf":{"@id":"https:\/\/vandalvan.com\/#website"},"primaryImageOfPage":{"@id":"https:\/\/vandalvan.com\/index.php\/wynajem-kampera-wynajem-campervana\/#primaryimage"},"image":{"@id":"https:\/\/vandalvan.com\/index.php\/wynajem-kampera-wynajem-campervana\/#primaryimage"},"thumbnailUrl":"https:\/\/vandalvan.com\/wp-content\/uploads\/2023\/10\/DJI_0226.jpg","datePublished":"2019-10-16T14:16:16+00:00","dateModified":"2025-12-24T10:11:30+00:00","description":"Wynajem kampera - zapraszamy do wynajmu naszego domu na ko\u0142ach. Wynajem campervana to jedyne w swoim rodzaju do\u015bwiadczenie drogi oraz wolno\u015bci.","breadcrumb":{"@id":"https:\/\/vandalvan.com\/index.php\/wynajem-kampera-wynajem-campervana\/#breadcrumb"},"inLanguage":"pl-PL","potentialAction":[{"@type":"ReadAction","target":["https:\/\/vandalvan.com\/index.php\/wynajem-kampera-wynajem-campervana\/"]}]},{"@type":"ImageObject","inLanguage":"pl-PL","@id":"https:\/\/vandalvan.com\/index.php\/wynajem-kampera-wynajem-campervana\/#primaryimage","url":"https:\/\/vandalvan.com\/wp-content\/uploads\/2023\/10\/DJI_0226.jpg","contentUrl":"https:\/\/vandalvan.com\/wp-content\/uploads\/2023\/10\/DJI_0226.jpg","width":2048,"height":1150},{"@type":"BreadcrumbList","@id":"https:\/\/vandalvan.com\/index.php\/wynajem-kampera-wynajem-campervana\/#breadcrumb","itemListElement":[{"@type":"ListItem","position":1,"name":"Strona g\u0142\u00f3wna","item":"https:\/\/vandalvan.com\/"},{"@type":"ListItem","position":2,"name":"NASZE KAMPERY"}]},{"@type":"WebSite","@id":"https:\/\/vandalvan.com\/#website","url":"https:\/\/vandalvan.com\/","name":"VANDALVAN","description":"Feels like home","publisher":{"@id":"https:\/\/vandalvan.com\/#organization"},"potentialAction":[{"@type":"SearchAction","target":{"@type":"EntryPoint","urlTemplate":"https:\/\/vandalvan.com\/?s={search_term_string}"},"query-input":{"@type":"PropertyValueSpecification","valueRequired":true,"valueName":"search_term_string"}}],"inLanguage":"pl-PL"},{"@type":"Organization","@id":"https:\/\/vandalvan.com\/#organization","name":"VANDALVAN","url":"https:\/\/vandalvan.com\/","logo":{"@type":"ImageObject","inLanguage":"pl-PL","@id":"https:\/\/vandalvan.com\/#\/schema\/logo\/image\/","url":"https:\/\/vandalvan.com\/wp-content\/uploads\/2022\/08\/cropped-VANDALVAN-logo-haslo_biale.png","contentUrl":"https:\/\/vandalvan.com\/wp-content\/uploads\/2022\/08\/cropped-VANDALVAN-logo-haslo_biale.png","width":631,"height":250,"caption":"VANDALVAN"},"image":{"@id":"https:\/\/vandalvan.com\/#\/schema\/logo\/image\/"}}]}},"_links":{"self":[{"href":"https:\/\/vandalvan.com\/index.php\/wp-json\/wp\/v2\/pages\/222","targetHints":{"allow":["GET"]}}],"collection":[{"href":"https:\/\/vandalvan.com\/index.php\/wp-json\/wp\/v2\/pages"}],"about":[{"href":"https:\/\/vandalvan.com\/index.php\/wp-json\/wp\/v2\/types\/page"}],"author":[{"embeddable":true,"href":"https:\/\/vandalvan.com\/index.php\/wp-json\/wp\/v2\/users\/1"}],"replies":[{"embeddable":true,"href":"https:\/\/vandalvan.com\/index.php\/wp-json\/wp\/v2\/comments?post=222"}],"version-history":[{"count":0,"href":"https:\/\/vandalvan.com\/index.php\/wp-json\/wp\/v2\/pages\/222\/revisions"}],"wp:featuredmedia":[{"embeddable":true,"href":"https:\/\/vandalvan.com\/index.php\/wp-json\/wp\/v2\/media\/2205"}],"wp:attachment":[{"href":"https:\/\/vandalvan.com\/index.php\/wp-json\/wp\/v2\/media?parent=222"}],"curies":[{"name":"wp","href":"https:\/\/api.w.org\/{rel}","templated":true}]}}